 126*k + 5245. Give s(-159).
-2
Let u(r) = -235*r + 4971. Calculate u(21).
36
Let s(b) = 4*b**2 - b - 18. Determine s(5).
77
Let d(c) = 3*c**3 + 24*c**2 - 20*c + 48. Give d(-9).
-15
Let u(o) = -85*o - 1106. Calculate u(-13).
-1
Let i(o) = -o**3 + 33*o**2 - 39*o + 175. Give i(32).
-49
Let o(z) = -2*z**3 + 18*z**2 + 22*z - 45. Give o(10).
-25
Let u(v) = v**3 - 9*v**2 - 273*v + 15. What is u(-12)?
267
Let t(u) = 95*u + 14070. What is t(-148)?
10
Let x(w) = 24*w**2 + 793*w - 9. Calculate x(-33).
-42
Let o(i) = -i**3 + 15*i**2 - 20*i + 95. What is o(14)?
11
Let g(f) = 2*f**3 - 21*f**2 + 45*f - 4. Calculate g(7).
-32
Let r(z) = z**3 - 52*z**2 - 6*z + 158. Calculate r(52).
-154
Let q(m) = 67*m + 230. What is q(-9)?
-373
Let q(z) = 5*z**3 + 48*z**2 - 19*z - 13. Determine q(-10).
-23
Let k(d) = 4*d**3 - 3*d**2 + 4*d + 57. Calculate k(0).
57
Let k(u) = u**2 - 79*u + 696. Calculate k(10).
6
Let j(q) = 12*q**2 - 10*q + 6. What is j(2)?
34
Let b(i) = 11*i + 360. What is b(-32)?
8
Let a(b) = -b**2 + 360*b + 21. Give a(0).
21
Let k(z) = 2*z**3 - 2*z**2 - 14*z - 1. What is k(5)?
129
Let h(x) = x**2 - 93*x + 914. Calculate h(11).
12
Let i(s) = -90*s**2 + 2249*s + 31. What is i(25)?
6
Let j(q) = -23446*q - 140682. Determine j(-6).
-6
Let w(u) = u**3 + 75*u**2 + 157*u + 800. Calculate w(-73).
-3
Let x(p) = -p**2 + 45*p - 80. Calculate x(42).
46
Let i(u) = 9*u + 1106. What is i(-119)?
35
Let z(s) = 3*s**2 + 39*s + 36. Determine z(-10).
-54
Let b(p) = 51*p**2 + 204*p. Calculate b(-4).
0
Let i(f) = f**3 - 20*f**2 + 45*f - 885. Determine i(20).
15
Let d(q) = -20*q + 614. Determine d(31).
-6
Let r(t) = -2*t**3 + 23*t**2 - 30*t + 248. Determine r(11).
39
Let m(k) = -k**3 + 3*k**2 + 9*k + 26. What is m(-3)?
53
Let a(q) = 13*q**2 - 50*q - 274. Determine a(-6).
494
Let f(c) = 191*c - 184. What is f(0)?
-184
Let g(l) = l**3 + 9*l**2 - 97*l - 854. Determine g(-10).
16
Let t(s) = -s**2 + 120*s - 2546. Determine t(91).
93
Let a(j) = j**3 - 2*j**2 - 607*j - 5. Determine a(0).
-5
Let q(v) = 300*v + 2222. Determine q(-7).
122
Let f(p) = 378*p - 1900. Calculate f(5).
-10
Let r(s) = s**3 - 15*s**2 + 77*s - 496. What is r(12)?
-4
Let u(a) = a**3 - 23*a**2 + 36*a + 41. What is u(22)?
349
Let u(b) = 120*b - 619. Give u(9).
461
Let c(l) = 2*l + 92. Give c(-11).
70
Let f(q) = 3*q**2 + 21*q - 89. Calculate f(3).
1
Let k(r) = 3*r**2 - 167*r + 1659. Calculate k(13).
-5
Let a(q) = 155*q**3 + 2*q**2 + 21*q + 19. Determine a(-1).
-155
Let k(y) = -4*y + 278. Calculate k(78).
-34
Let v(q) = q**3 + 17*q**2 + 43*q + 294. What is v(-16)?
-138
Let j(s) = -31*s**2 + 46*s - 93. Give j(2).
-125
Let l(z) = -5*z**2 - 2*z - 16. Calculate l(-5).
-131
Let v(u) = 1137*u + 3429. Determine v(-3).
18
Let s(j) = j**3 - 22*j**2 + 36*j + 78. Calculate s(20).
-2
Let u(v) = -3*v**3 - v**2 - 5*v + 23. What is u(0)?
23
Let h(q) = 11*q + 537. Determine h(0).
537
Let k(z) = 459*z - 1833. Give k(4).
3
Let q(b) = 3*b**3 + b**2 + 40*b - 99. Determine q(3).
111
Let r(s) = 152*s - 93. What is r(1)?
59
Let z(q) = 570*q + 553. Determine z(-1).
-17
Let j(u) = -2*u**2 + 132*u - 494. Calculate j(62).
2
Let s(q) = 37*q**2 + 254*q - 39. Give s(-7).
-4
Let f(v) = -v**3 - 20*v**2 - 90*v - 1810. Calculate f(-20).
-10
Let z(w) = 53*w + 5727. Give z(-108).
3
Let b(c) = 5*c**2 - 423*c + 2583. Determine b(78).
9
Let a(n) = 30*n + 1870. Calculate a(-62).
10
Let q(b) = -b**3 + 60*b**2 - 370*b - 51. Determine q(53).
2
Let f(z) = 4*z**2 - 216*z + 208. Calculate f(53).
-4
Let u(m) = -m**2 - 83*m + 2561. Give u(-107).
-7
Let q(g) = -g**2 - 161*g + 656. Determine q(4).
-4
Let w(p) = 3*p**3 + 274*p**2 + 87*p - 347. Determine w(-91).
17
Let z(q) = -q**2 - 105*q - 2007. Give z(-79).
47
Let q(u) = 11*u**2 - 570*u - 64. Calculate q(52).
40
Let q(l) = l + 1. What is q(7)?
8
Let m(d) = -d**3 - 19*d**2 + 25*d + 14. Calculate m(-21).
371
Let m(f) = 7*f - 337. Determine m(8).
-281
Let m(t) = -3*t**3 + 17*t**2 - 311*t + 1907. Determine m(6).
5
Let u(r) = -16*r**2 - 5*r - 14. Calculate u(-2).
-68
Let d(v) = 55*v + 1127. Calculate d(-20).
27
Let h(u) = 29*u + 135. Determine h(-6).
-39
Let k(o) = -o**2 - 1298*o - 9049. Give k(-7).
-12
Let w(h) = -57*h**3 - 4*h**2 + 237*h - 234. Calculate w(1).
-58
Let d(c) = 19*c**3 + 4*c**2 - 5*c - 16. Give d(-2).
-142
Let y(h) = -h**2 - 2419*h - 36079. Determine y(-15).
-19
Let k(v) = -6*v**3 - 125*v**2 - 214*v - 47. Calculate k(-19).
48
Let y(j) = -j**3 + 19*j**2 + 79*j + 6. Give y(-3).
-33
Let d(u) = 21*u + 174. What is d(-21)?
-267
Let c(o) = 5*o**3 - 5*o**2 + 52*o - 79. Calculate c(2).
45
Let o(u) = u**2 + 31*u - 83. Calculate o(3).
19
Let w(f) = -f**2 + 2387*f + 4777. Calculate w(-2).
-1
Let u(y) = -15*y**3 + 5*y**2 - 12*y - 73. What is u(-3)?
413
Let u(l) = -13*l**2 - 42*l - 80. Give u(-2).
-48
Let m(j) = j**3 + 10*j**2 + 19*j - 12. Determine m(-5).
18
Let s(i) = i**3 - 122*i**2 + 364*i - 810. Determine s(119).
23
Let v(p) = -1092*p + 4360. Calculate v(4).
-8
Let t(l) = 66*l + 23. What is t(-3)?
-175
Let f(p) = -3*p**2 + 137*p - 960. Determine f(7).
-148
Let g(y) = -y**3 - 26*y**2 + 21*y - 43. Determine g(-27).
119
Let l(k) = 2*k**2 - 29*k - 20. Calculate l(14).
-34
Let q(h) = -h**2 + 34*h - 248. Calculate q(11).
5
Let v(c) = -3*c**2 + 34*c + 265. Give v(-7).
-120
Let b(m) = m**3 - 14*m**2 - 26*m + 101. Determine b(13).
-406
Let f(i) = 305*i - 4570. Calculate f(15).
5
Let u(n) = 2*n**2 - 38*n + 147. What is u(13)?
-9
Let d(l) = 7*l - 683. Give d(98).
3
Let a(x) = -1341*x + 8044. Give a(6).
-2
Let o(m) = -3*m**2 - 11*m - 17. What is o(-3)?
-11
Let a(m) = 10*m**2 - 518*m - 107. Give a(52).
-3
Let w(j) = -5*j**2 - 245*j - 1092. Give w(-5).
8
Let c(z) = -3*z**3 + 22*z**2 - 16*z - 3. Give c(7).
-66
Let l(m) = -3*m**2 + 3*m + 103. What is l(5)?
43
Let m(x) = 2*x**3 + 7*x**2 - 51*x - 297. Calculate m(-6).
-171
Let t(q) = 56*q**3 - 65*q**2 + 5*q - 4. Give t(2).
194
Let l(m) = -3*m**3 + 45*m**2 - 47*m + 72. What is l(14)?
2
Let l(u) = -77*u**2 - 271*u - 234. Determine l(-2).
0
Let g(l) = -l**3 + 86*l**2 - 102*l + 1438. Give g(85).
-7
Let u(c) = -2*c**2 + 106*c + 107. What is u(-1)?
-1
Let c(m) = 13*m**2 + 36*m - 81. Determine c(4).
271
Let l(j) = j**3 - 98*j**2 + 199*j - 673. What is l(96)?
-1
Let f(c) = 251*c + 8776. What is f(-35)?
-9
Let k(h) = -4*h**2 - 5*h + 61. What is k(5)?
-64
Let v(t) = -t**3 - 6*t**2 + 29*t + 164. Calculate v(-6).
-10
Let r(z) = -z**3 - 15*z**2 - 43*z - 292. What is r(-10)?
-362
Let h(l) = -l**3 - 17*l**2 + 31*l - 66. Give h(-19).
67
Let i(v) = 3*v + 190. Determine i(0).
190
Let n(c) = c**3 + 19*c**2 + 101*c + 24. What is n(-7)?
-95
Let l(c) = 5*c**2 - 32*c + 105. Calculate l(10).
285
Let i(o) = -o**3 + 26*o**2 - 112*o + 88. Give i(4).
-8
Let i(t) = 21*t**3 - 9*t**2 - 3*t + 41. Determine i(2).
167
Let q(p) = -9*p**2 + 60*p + 15. Calculate q(6).
51
Let m(q) = -244*q - 6. Determine m(1).
-250
Let c(o) = 5*o**2 - 37*o - 201. Give c(11).
-3
Let y(a) = 30*a + 4. Determine y(5).
154
Let j(c) = -c**3 - 3*c - 247. What is j(-6)?
-13
Let k(c) = 27*c**2 + 20*c + 10. Give k(-2).
78
Let u(m) = -m**3 + 4*m**2 + 6*m + 14. Determine u(7).
-91
Let v(l) = -l**3 + 47*l**2 - 48*l + 355. Calculate v(46).
263
Let x(v) = v**3 + 4*v**2 - 30*v + 13. Determine x(-8).
-3
Let w(k) = -139*k**2 - 1671*k - 33. Calculate w(-12).
3
Let c(d) = -d**3 - 25*d**2 + 59*d + 6. Calculate c(-27).
-129
Let w(k) = 494*k + 2455. Calculate w(-5).
-15
Let u(s) = -244*s - 9420. Determine u(-39).
96
Let l(o) = -54*o - 114. Determine l(-3).
48
Let q(l) = -l + 4. Calculate q(14).
-10
Let o(z) = 37*z + 107. What is o(0)?
107
Let s(w) = 2*w**2 + 15*w - 233. Give s(-15).
-8
Let v(w) = -31*w + 1280. Calculate v(41).
9
Let q(f) = -7*f - 38. Determine q(7).
-87
Let d(f) = 31*f + 2742. What is d(-97)?
-265
Let y(i) = i**3 + 40*i**2 - 86*i - 133. Determine y(-42).
-49
Let a(y) = -3*y**3 + 56*y**2 - 64*y - 373. Give a(17).
-16
Let b(g) = -10*g**3 + 38*g**2 + 17*g - 49. What is b(4)?
-13
Let s(r) = -5*r**2 + 38*r - 214. Calculate s(9).
-277
Let s(b) = 4*b**3 + 655*b**2 + 4386*b - 17. What is s(-7)?
4
Let h(s) = 11*s - 49. Calculate h(10).
61
Let k(i) = 43*i + 305. Calculate k(-10).
-125
Let s(p) = p**3 + 31*p**2 + 55*p + 822. Give s(-30).
72
Let c(q) = -238*q - 1452. Calculate c(-6).
-24
Let t(b) = 32*b - 1179. Calculate t(37).
5
Let g(d) = -23*d - 23